{"id":22,"date":"2024-01-08T12:28:56","date_gmt":"2024-01-08T11:28:56","guid":{"rendered":"https:\/\/hacker-professionnel.com\/?page_id=22"},"modified":"2026-02-18T17:04:00","modified_gmt":"2026-02-18T16:04:00","slug":"trouver-un-hacker","status":"publish","type":"page","link":"https:\/\/hacker-professionnel.com\/","title":{"rendered":"TROUVER UN HACKER"},"content":{"rendered":"<h4>Premier Service De Hacking en Europe<\/h4>\n<h2>TROUVER UN HACKER: La plus grande organisation de hackers au monde.<br \/><\/h2>\n<p><strong>Avec une exp\u00e9rience de plus de 12 ans, notre r\u00e9putation et nos t\u00e9moignages parlent pour nous.\u00a0Nous disposons d&rsquo;une grande \u00e9quipe de hackers informatiques d\u00e9di\u00e9s \u00e0 fournir une surveillance t\u00e9l\u00e9phonique compl\u00e8te \u00e0 nos clients qui en ont principalement besoin pour leur conjoint, partenaire ou enfants dans des situations telles qu&rsquo;un conjoint ou un partenaire commercial soup\u00e7onn\u00e9 de tricherie.<\/strong><br \/><strong>Embauchez nos hackers pour obtenir des professionnels.\u00a0Nous proposons de v\u00e9ritables services professionnels du dark web.<\/strong><br \/><strong>Engager un service de hacker 100% fiable. Assistance en ligne 24H\/24 et 7j\/7.<\/strong><\/p>\n<p>\u00a0<\/p>\n<p>\t\t\t\t\t<a href=\"https:\/\/hacker-professionnel.com\/index.php\/nous-contacter\/\"><br \/>\n\t\t\t\t\t\t\t\t\tCONTACTER UN EXPERT HACKER MAINTENANT<br \/>\n\t\t\t\t\t<\/a><\/p>\n<h2>CE QUE NOUS FAISONS<\/h2>\n<ul>\n<li><strong>Partenaire infid\u00e8le \/ Conjoint infid\u00e8le<\/strong><\/li>\n<li><strong>Applications de messagerie sociale Whatsapp, i-messages, icloud<\/strong><\/li>\n<li><strong>Enqu\u00eate sur la fraude \u00e0 la crypto-monnaie \/ R\u00e9cup\u00e9ration<\/strong><\/li>\n<li><strong>R\u00e9cup\u00e9rer le mot de passe de messagerie perdu<\/strong><\/li>\n<li><strong>R\u00e9cup\u00e9rer des mobiles pirat\u00e9s<\/strong><\/li>\n<li><strong>Embaucher Hacker pour les appareils de t\u00e9l\u00e9phonie mobile<\/strong><\/li>\n<li><strong>Suivre la localisation GPS en direct<\/strong><\/li>\n<li><strong>R\u00e9cup\u00e9ration du mot de passe perdu sur les r\u00e9seaux sociaux<\/strong><\/li>\n<li><strong>Services li\u00e9s \u00e0 Facebook, Instagram et Snapchat<\/strong><\/li>\n<li><strong>R\u00e9cup\u00e9rer des sites Web pirat\u00e9s<\/strong><\/li>\n<li><strong>Corriger les notes et le pointage de cr\u00e9dit<\/strong><\/li>\n<li><strong>Beaucoup plus.\u00a0Faites-le nous savoir et nous le ferons.<\/strong><\/li>\n<\/ul>\n<p>\t\t\t\t\t<a href=\"http:\/\/wa.me\/33756932179\"><br \/>\n\t\t\t\t\t\t\t\t\tNous Joindre via WhatsApp<br \/>\n\t\t\t\t\t<\/a><br \/>\n\t\t\t\t\t\t\t\t\t\t\t\t\t\t\t<img decoding=\"async\" loading=\"lazy\" width=\"891\" height=\"1024\" src=\"http:\/\/hacker-professionnel.com\/wp-content\/uploads\/2024\/01\/WhatsApp-Image-2022-01-20-at-12.50.36-PM-1-891x1024.jpeg\" alt=\"\" srcset=\"https:\/\/hacker-professionnel.com\/wp-content\/uploads\/2024\/01\/WhatsApp-Image-2022-01-20-at-12.50.36-PM-1-891x1024.jpeg 891w, https:\/\/hacker-professionnel.com\/wp-content\/uploads\/2024\/01\/WhatsApp-Image-2022-01-20-at-12.50.36-PM-1-261x300.jpeg 261w, https:\/\/hacker-professionnel.com\/wp-content\/uploads\/2024\/01\/WhatsApp-Image-2022-01-20-at-12.50.36-PM-1-768x882.jpeg 768w, https:\/\/hacker-professionnel.com\/wp-content\/uploads\/2024\/01\/WhatsApp-Image-2022-01-20-at-12.50.36-PM-1-600x689.jpeg 600w, https:\/\/hacker-professionnel.com\/wp-content\/uploads\/2024\/01\/WhatsApp-Image-2022-01-20-at-12.50.36-PM-1.jpeg 940w\" sizes=\"(max-width: 891px) 100vw, 891px\" \/>\t\t\t\t\t\t\t\t\t\t\t\t\t\t\t<\/p>\n<h2>QUELQUES SERVICES QUE NOUS OFFRONS<\/h2>\n<figure><a href=\"http:\/\/wa.me\/33756932179\" tabindex=\"-1\"><img decoding=\"async\" loading=\"lazy\" width=\"284\" height=\"178\" src=\"http:\/\/hacker-professionnel.com\/wp-content\/uploads\/2024\/01\/telechargement-1.jpg\" alt=\"\" \/><\/a><\/figure>\n<h3><a href=\"http:\/\/wa.me\/33756932179\">piratage de site web<\/a><\/h3>\n<p>Votre site Web est la force de vente en ligne dont vous disposez. Au-del\u00e0, c&rsquo;est votre identit\u00e9 professionnelle elle-m\u00eame. Si quelqu&rsquo;un le pirate, ce sont les fondations m\u00eames qui sont \u00e9branl\u00e9es engagez un hacker.<\/p>\n<figure><a href=\"http:\/\/wa.me\/33756932179\" tabindex=\"-1\"><img decoding=\"async\" loading=\"lazy\" width=\"259\" height=\"194\" src=\"http:\/\/hacker-professionnel.com\/wp-content\/uploads\/2024\/01\/telechargement-5.jpg\" alt=\"\" \/><\/a><\/figure>\n<h3><a href=\"http:\/\/wa.me\/33756932179\">piratage whatsApp<\/a><\/h3>\n<p>Nous utilisons une m\u00e9thode de clonage efficace. Nous pouvons vous fournir les m\u00e9dias, les messages et m\u00eame l&rsquo;historique des appels pass\u00e9s &#8211; VOIP (voice over internet protocol).<\/p>\n<figure><a href=\"http:\/\/wa.me\/33756932179\" tabindex=\"-1\"><img decoding=\"async\" loading=\"lazy\" width=\"275\" height=\"183\" src=\"http:\/\/hacker-professionnel.com\/wp-content\/uploads\/2024\/01\/images.jpg\" alt=\"\" \/><\/a><\/figure>\n<h3><a href=\"http:\/\/wa.me\/33756932179\">Piratage de t\u00e9l\u00e9phone portable<\/a><\/h3>\n<p>Le service que vous recherchez n&rsquo;est peut-\u00eatre pas mentionn\u00e9 ici, mais il y a de grandes chances que nous fournissions ce que vous cherchez. Contactez-nous pour vous renseigner; ne soyez pas timide ! Nous sommes disponible 24\/7<\/p>\n<figure><a href=\"http:\/\/wa.me\/15053370928\" tabindex=\"-1\"><img decoding=\"async\" loading=\"lazy\" width=\"311\" height=\"162\" src=\"http:\/\/hacker-professionnel.com\/wp-content\/uploads\/2024\/01\/images-1.jpg\" alt=\"\" srcset=\"https:\/\/hacker-professionnel.com\/wp-content\/uploads\/2024\/01\/images-1.jpg 311w, https:\/\/hacker-professionnel.com\/wp-content\/uploads\/2024\/01\/images-1-300x156.jpg 300w\" sizes=\"(max-width: 311px) 100vw, 311px\" \/><\/a><\/figure>\n<h3><a href=\"http:\/\/wa.me\/15053370928\">piratage facebook<\/a><\/h3>\n<p>Tout ce dont nous avons besoin est l&rsquo;URL et nous pouvons r\u00e9cup\u00e9rer l&rsquo;acc\u00e8s d&rsquo;un compte. Tout comme Instagram, Facebook a des politiques tr\u00e8s strictes qui peuvent parfois causer des dommages collat\u00e9raux. Nous sommes l\u00e0 pour vous aider<\/p>\n<figure><a href=\"http:\/\/wa.me\/15053370928\" tabindex=\"-1\"><img decoding=\"async\" loading=\"lazy\" width=\"300\" height=\"168\" src=\"http:\/\/hacker-professionnel.com\/wp-content\/uploads\/2024\/01\/images-1.png\" alt=\"Pirater un compte snapchat\" \/><\/a><\/figure>\n<h3><a href=\"http:\/\/wa.me\/15053370928\">piratage snapchat<\/a><\/h3>\n<p>Embauchez un hacker  professionnel pour pirater un compte Snapchat pour vous. Vous nous pr\u00e9sentez le nom n&rsquo;importe quel d&rsquo;utilisateur Snapchat et recevez le mot de passe !<\/p>\n<figure><a href=\"http:\/\/wa.me\/33756932179\" tabindex=\"-1\"><img decoding=\"async\" loading=\"lazy\" width=\"278\" height=\"181\" src=\"http:\/\/hacker-professionnel.com\/wp-content\/uploads\/2024\/01\/telechargement-1-1.jpg\" alt=\"\" \/><\/a><\/figure>\n<h3><a href=\"http:\/\/wa.me\/33756932179\">Pirater adresse email <\/a><\/h3>\n<p>Votre site Web est la force de vente en ligne dont vous disposez. Au-del\u00e0, c&rsquo;est votre identit\u00e9 professionnelle elle-m\u00eame. Si quelqu&rsquo;un le pirate, ce sont les fondations m\u00eames qui sont \u00e9branl\u00e9es engagez un hacker.<\/p>\n<h2>POURQUOI NOUS CHOISIR<\/h2>\n<p>\t\t\t\t\t\t\t\t\t\t\t\t\t\t\t<img decoding=\"async\" loading=\"lazy\" width=\"1024\" height=\"470\" src=\"http:\/\/hacker-professionnel.com\/wp-content\/uploads\/2024\/03\/Capture-1024x470.png\" alt=\"\" srcset=\"https:\/\/hacker-professionnel.com\/wp-content\/uploads\/2024\/03\/Capture-1024x470.png 1024w, https:\/\/hacker-professionnel.com\/wp-content\/uploads\/2024\/03\/Capture-300x138.png 300w, https:\/\/hacker-professionnel.com\/wp-content\/uploads\/2024\/03\/Capture-768x353.png 768w, https:\/\/hacker-professionnel.com\/wp-content\/uploads\/2024\/03\/Capture-600x276.png 600w, https:\/\/hacker-professionnel.com\/wp-content\/uploads\/2024\/03\/Capture.png 1374w\" sizes=\"(max-width: 1024px) 100vw, 1024px\" \/><br \/>\n\t\t\t\t\t\t\t\t\t\t\t\t\t\t\t<img decoding=\"async\" loading=\"lazy\" width=\"924\" height=\"196\" src=\"http:\/\/hacker-professionnel.com\/wp-content\/uploads\/2024\/01\/EG.png\" alt=\"\" srcset=\"https:\/\/hacker-professionnel.com\/wp-content\/uploads\/2024\/01\/EG.png 924w, https:\/\/hacker-professionnel.com\/wp-content\/uploads\/2024\/01\/EG-300x64.png 300w, https:\/\/hacker-professionnel.com\/wp-content\/uploads\/2024\/01\/EG-768x163.png 768w, https:\/\/hacker-professionnel.com\/wp-content\/uploads\/2024\/01\/EG-600x127.png 600w\" sizes=\"(max-width: 924px) 100vw, 924px\" \/>\t\t\t\t\t\t\t\t\t\t\t\t\t\t\t<\/p>\n<h2>QUELQUES TEMOIGNAGES DE NOS CLIENTS<\/h2>\n<figure><img decoding=\"async\" loading=\"lazy\" width=\"300\" height=\"300\" src=\"http:\/\/hacker-professionnel.com\/wp-content\/uploads\/2024\/01\/testimonial3.jpg\" alt=\"\" srcset=\"https:\/\/hacker-professionnel.com\/wp-content\/uploads\/2024\/01\/testimonial3.jpg 300w, https:\/\/hacker-professionnel.com\/wp-content\/uploads\/2024\/01\/testimonial3-150x150.jpg 150w, https:\/\/hacker-professionnel.com\/wp-content\/uploads\/2024\/01\/testimonial3-100x100.jpg 100w\" sizes=\"(max-width: 300px) 100vw, 300px\" \/><\/figure>\n<h3>Christine<\/h3>\n<p>Au moins il ne pourra plus me mentir, car j&rsquo;ai les toutes les preuves qu&rsquo;il me trompe. Merci \u00e0 toute l&rsquo;\u00e9quipe. le plus difficile c&rsquo;est de dire comment j&rsquo;ai fais pour le savoir \ud83d\ude09<\/p>\n<figure><img decoding=\"async\" loading=\"lazy\" width=\"500\" height=\"500\" src=\"http:\/\/hacker-professionnel.com\/wp-content\/uploads\/2024\/01\/team2.jpg\" alt=\"\" srcset=\"https:\/\/hacker-professionnel.com\/wp-content\/uploads\/2024\/01\/team2.jpg 500w, https:\/\/hacker-professionnel.com\/wp-content\/uploads\/2024\/01\/team2-300x300.jpg 300w, https:\/\/hacker-professionnel.com\/wp-content\/uploads\/2024\/01\/team2-150x150.jpg 150w, https:\/\/hacker-professionnel.com\/wp-content\/uploads\/2024\/01\/team2-100x100.jpg 100w\" sizes=\"(max-width: 500px) 100vw, 500px\" \/><\/figure>\n<h3>Nicolas<\/h3>\n<p>Le travail du hacker professionnel que nous avons recrut\u00e9 pour Facebook a \u00e9t\u00e9 remarquable, il a pu s\u00e9curiser notre compte rapidement et efficacement.<\/p>\n<figure><img decoding=\"async\" loading=\"lazy\" width=\"72\" height=\"73\" src=\"http:\/\/hacker-professionnel.com\/wp-content\/uploads\/2024\/01\/Oval.png\" alt=\"\" \/><\/figure>\n<h3>Ashley<\/h3>\n<p>Je me sens beaucoup plus rassur\u00e9e aujourd&rsquo;hui apr\u00e8s avoir lu ses messages WhatsApp. Car au moins, je sais tr\u00e8s bien \u00e0 quoi m&rsquo;attendre, et je m&rsquo;y pr\u00e9pare.<\/p>\n<figure><img decoding=\"async\" loading=\"lazy\" width=\"200\" height=\"200\" src=\"http:\/\/hacker-professionnel.com\/wp-content\/uploads\/2024\/01\/pexels-yogendra-singh-3748221.jpg\" alt=\"\" srcset=\"https:\/\/hacker-professionnel.com\/wp-content\/uploads\/2024\/01\/pexels-yogendra-singh-3748221.jpg 200w, https:\/\/hacker-professionnel.com\/wp-content\/uploads\/2024\/01\/pexels-yogendra-singh-3748221-150x150.jpg 150w, https:\/\/hacker-professionnel.com\/wp-content\/uploads\/2024\/01\/pexels-yogendra-singh-3748221-100x100.jpg 100w\" sizes=\"(max-width: 200px) 100vw, 200px\" \/><\/figure>\n<h3>Jean Fran\u00e7ois<\/h3>\n<p>Gr\u00e2ce au hacker professionnel que nous avons recrut\u00e9 pour Twitter, nous sommes maintenant en mesure de prot\u00e9ger notre compte et nos donn\u00e9es.<\/p>\n<p>\t\t\t\t\t\t\t\t\t\t\t\t\t\t\t<img decoding=\"async\" loading=\"lazy\" width=\"472\" height=\"1024\" src=\"http:\/\/hacker-professionnel.com\/wp-content\/uploads\/2024\/01\/WhatsApp-Image-2023-04-18-at-08.23.29-2-pa-472x1024.png\" alt=\"\" srcset=\"https:\/\/hacker-professionnel.com\/wp-content\/uploads\/2024\/01\/WhatsApp-Image-2023-04-18-at-08.23.29-2-pa-472x1024.png 472w, https:\/\/hacker-professionnel.com\/wp-content\/uploads\/2024\/01\/WhatsApp-Image-2023-04-18-at-08.23.29-2-pa-138x300.png 138w, https:\/\/hacker-professionnel.com\/wp-content\/uploads\/2024\/01\/WhatsApp-Image-2023-04-18-at-08.23.29-2-pa.png 498w\" sizes=\"(max-width: 472px) 100vw, 472px\" \/><br \/>\n\t\t\t\t\t\t\t\t\t\t\t\t\t\t\t<img decoding=\"async\" loading=\"lazy\" width=\"472\" height=\"1024\" src=\"http:\/\/hacker-professionnel.com\/wp-content\/uploads\/2024\/01\/WhatsApp-Image-2023-04-18-at-08.23.29-472x1024.jpeg\" alt=\"\" srcset=\"https:\/\/hacker-professionnel.com\/wp-content\/uploads\/2024\/01\/WhatsApp-Image-2023-04-18-at-08.23.29-472x1024.jpeg 472w, https:\/\/hacker-professionnel.com\/wp-content\/uploads\/2024\/01\/WhatsApp-Image-2023-04-18-at-08.23.29-138x300.jpeg 138w, https:\/\/hacker-professionnel.com\/wp-content\/uploads\/2024\/01\/WhatsApp-Image-2023-04-18-at-08.23.29.jpeg 498w\" sizes=\"(max-width: 472px) 100vw, 472px\" \/><br \/>\n\t\t\t\t\t\t\t\t\t\t\t\t\t\t\t<img decoding=\"async\" loading=\"lazy\" width=\"472\" height=\"1024\" src=\"http:\/\/hacker-professionnel.com\/wp-content\/uploads\/2024\/01\/WhatsApp-Image-2023-04-18-at-08.23.44-472x1024.jpeg\" alt=\"\" srcset=\"https:\/\/hacker-professionnel.com\/wp-content\/uploads\/2024\/01\/WhatsApp-Image-2023-04-18-at-08.23.44-472x1024.jpeg 472w, https:\/\/hacker-professionnel.com\/wp-content\/uploads\/2024\/01\/WhatsApp-Image-2023-04-18-at-08.23.44-138x300.jpeg 138w, https:\/\/hacker-professionnel.com\/wp-content\/uploads\/2024\/01\/WhatsApp-Image-2023-04-18-at-08.23.44.jpeg 498w\" sizes=\"(max-width: 472px) 100vw, 472px\" \/><br \/>\n\t\t\t\t\t\t\t\t\t\t\t\t\t\t\t<img decoding=\"async\" loading=\"lazy\" width=\"472\" height=\"1024\" src=\"http:\/\/hacker-professionnel.com\/wp-content\/uploads\/2024\/01\/WhatsApp-Image-2023-04-18-at-08.39.44-472x1024.jpeg\" alt=\"\" srcset=\"https:\/\/hacker-professionnel.com\/wp-content\/uploads\/2024\/01\/WhatsApp-Image-2023-04-18-at-08.39.44-472x1024.jpeg 472w, https:\/\/hacker-professionnel.com\/wp-content\/uploads\/2024\/01\/WhatsApp-Image-2023-04-18-at-08.39.44-138x300.jpeg 138w, https:\/\/hacker-professionnel.com\/wp-content\/uploads\/2024\/01\/WhatsApp-Image-2023-04-18-at-08.39.44.jpeg 498w\" sizes=\"(max-width: 472px) 100vw, 472px\" \/><br \/>\n\t\t\t\t\t\t\t\t\t\t\t\t\t\t\t<img decoding=\"async\" loading=\"lazy\" width=\"500\" height=\"375\" src=\"http:\/\/hacker-professionnel.com\/wp-content\/uploads\/2024\/01\/BiodegradableSardonicIzuthrush-size_restricted.gif\" alt=\"\" \/>\t\t\t\t\t\t\t\t\t\t\t\t\t\t\t<\/p>\n<h2>Contact rapide?<\/h2>\n<p>contacter un expert hacker Nous voulons nous assurer qu\u2019au travers de notre site, vous obtenez le meilleur service d\u2019embaucher d\u2019un hacker professionnel. Ceci peut d\u00e9j\u00e0 se constater au travers de notre promptitude \u00e0 vous r\u00e9pondre. Donc, si vous souhaitez avoir une r\u00e9ponse rapide, vous pouvez nous envoyer un message instantan\u00e9 via le formulaire ci-dessous.<\/p>\n<p>[contact-form-7 id=\u00a0\u00bbaf2d662&Prime; title=\u00a0\u00bbFormulaire de contact 1&Prime;]<\/p>\n","protected":false},"excerpt":{"rendered":"<p>Premier Service De Hacking en Europe TROUVER UN HACKER: La plus grande organisation de hackers au monde. Avec une exp\u00e9rience [&hellip;]<\/p>\n","protected":false},"author":1,"featured_media":42,"parent":0,"menu_order":0,"comment_status":"closed","ping_status":"closed","template":"","meta":{"site-sidebar-layout":"no-sidebar","site-content-layout":"","ast-site-content-layout":"full-width-container","site-content-style":"default","site-sidebar-style":"default","ast-global-header-display":"","ast-banner-title-visibility":"","ast-main-header-display":"","ast-hfb-above-header-display":"","ast-hfb-below-header-display":"","ast-hfb-mobile-header-display":"","site-post-title":"","ast-breadcrumbs-content":"","ast-featured-img":"disabled","footer-sml-layout":"","ast-disable-related-posts":"","theme-transparent-header-meta":"","adv-header-id-meta":"","stick-header-meta":"","header-above-stick-meta":"","header-main-stick-meta":"","header-below-stick-meta":"","astra-migrate-meta-layouts":"default","ast-page-background-enabled":"default","ast-page-background-meta":{"desktop":{"background-color":"var(--ast-global-color-4)","background-image":"","background-repeat":"repeat","background-position":"center center","background-size":"auto","background-attachment":"scroll","background-type":"","background-media":"","overlay-type":"","overlay-color":"","overlay-opacity":"","overlay-gradient":""},"tablet":{"background-color":"","background-image":"","background-repeat":"repeat","background-position":"center center","background-size":"auto","background-attachment":"scroll","background-type":"","background-media":"","overlay-type":"","overlay-color":"","overlay-opacity":"","overlay-gradient":""},"mobile":{"background-color":"","background-image":"","background-repeat":"repeat","background-position":"center center","background-size":"auto","background-attachment":"scroll","background-type":"","background-media":"","overlay-type":"","overlay-color":"","overlay-opacity":"","overlay-gradient":""}},"ast-content-background-meta":{"desktop":{"background-color":"var(--ast-global-color-5)","background-image":"","background-repeat":"repeat","background-position":"center center","background-size":"auto","background-attachment":"scroll","background-type":"","background-media":"","overlay-type":"","overlay-color":"","overlay-opacity":"","overlay-gradient":""},"tablet":{"background-color":"var(--ast-global-color-5)","background-image":"","background-repeat":"repeat","background-position":"center center","background-size":"auto","background-attachment":"scroll","background-type":"","background-media":"","overlay-type":"","overlay-color":"","overlay-opacity":"","overlay-gradient":""},"mobile":{"background-color":"var(--ast-global-color-5)","background-image":"","background-repeat":"repeat","background-position":"center center","background-size":"auto","background-attachment":"scroll","background-type":"","background-media":"","overlay-type":"","overlay-color":"","overlay-opacity":"","overlay-gradient":""}},"footnotes":""},"_links":{"self":[{"href":"https:\/\/hacker-professionnel.com\/index.php\/wp-json\/wp\/v2\/pages\/22"}],"collection":[{"href":"https:\/\/hacker-professionnel.com\/index.php\/wp-json\/wp\/v2\/pages"}],"about":[{"href":"https:\/\/hacker-professionnel.com\/index.php\/wp-json\/wp\/v2\/types\/page"}],"author":[{"embeddable":true,"href":"https:\/\/hacker-professionnel.com\/index.php\/wp-json\/wp\/v2\/users\/1"}],"replies":[{"embeddable":true,"href":"https:\/\/hacker-professionnel.com\/index.php\/wp-json\/wp\/v2\/comments?post=22"}],"version-history":[{"count":210,"href":"https:\/\/hacker-professionnel.com\/index.php\/wp-json\/wp\/v2\/pages\/22\/revisions"}],"predecessor-version":[{"id":494,"href":"https:\/\/hacker-professionnel.com\/index.php\/wp-json\/wp\/v2\/pages\/22\/revisions\/494"}],"wp:featuredmedia":[{"embeddable":true,"href":"https:\/\/hacker-professionnel.com\/index.php\/wp-json\/wp\/v2\/media\/42"}],"wp:attachment":[{"href":"https:\/\/hacker-professionnel.com\/index.php\/wp-json\/wp\/v2\/media?parent=22"}],"curies":[{"name":"wp","href":"https:\/\/api.w.org\/{rel}","templated":true}]}}